tor of 5443593180?
True
Is 47982330 a multiple of 20?
False
Is 169067700 a multiple of 50?
True
Is 54582792 a multiple of 310?
False
Is 10249 a factor of 4401463797?
True
Does 14 divide 62290653?
False
Is 442 a factor of 496853968?
True
Is 419 a factor of 555984508?
True
Is 142596630 a multiple of 6?
True
Is 665859635 a multiple of 73?
False
Is 203801344 a multiple of 92?
True
Is 2418732717 a multiple of 11541?
False
Is 205 a factor of 871304120?
True
Is 35 a factor of 156397820?
False
Is 2019 a factor of 52992150?
False
Is 123467272 a multiple of 100?
False
Is 39986144 a multiple of 88?
True
Is 17658035 a multiple of 3?
False
Is 2972935218 a multiple of 33?
True
Is 66293766 a multiple of 126?
True
Is 1981 a factor of 15108219?
False
Does 239 divide 133923411?
True
Is 346 a factor of 158368352?
True
Is 80 a factor of 663312834?
False
Is 40433308 a multiple of 23?
False
Is 116427951 a multiple of 17?
True
Is 136566133 a multiple of 58?
False
Is 57127003 a multiple of 1469?
False
Is 185 a factor of 8261112?
False
Does 79 divide 4642830?
True
Is 911075 a multiple of 55?
True
Does 302 divide 13054770?
False
Is 4 a factor of 5659361?
False
Does 94 divide 26485628?
True
Is 10135250 a multiple of 125?
True
Is 511 a factor of 4255097?
True
Is 127 a factor of 1857756?
True
Does 8260 divide 2523352100?
False
Is 78 a factor of 4159116?
True
Is 502130034 a multiple of 1517?
True
Is 45 a factor of 47435274?
False
Is 121757177 a multiple of 3?
False
Does 205 divide 33255813?
False
Does 72 divide 60924378?
False
Is 18 a factor of 36002020?
False
Is 100 a factor of 1830278586?
False
Does 4849 divide 1861657240?
False
Is 182 a factor of 472898062?
True
Is 24020731 a multiple of 2313?
False
Is 341 a factor of 76903758?
False
Does 5971 divide 1136711212?
True
Does 5102 divide 337640469?
False
Is 359166620 a multiple of 1194?
False
Is 7 a factor of 43682127?
False
Is 13571974 a multiple of 18?
False
Is 1702220202 a multiple of 21?
False
Does 517 divide 590780553?
True
Does 34 divide 417640564?
True
Does 16 divide 84716736?
True
Does 343 divide 69827520?
False
Does 597 divide 2073750543?
True
Does 35 divide 12342925?
True
Is 2220 a factor of 509436272?
False
Is 40 a factor of 2918610320?
True
Is 339016899 a multiple of 473?
False
Is 5758714 a multiple of 10?
False
Is 58335514 a multiple of 46?
False
Does 559 divide 536159930?
False
Does 93 divide 28715739?
False
Is 534 a factor of 28686032?
False
Does 188 divide 334026237?
False
Is 45 a factor of 280914705?
True
Does 123 divide 39352901?
False
Does 172 divide 5628700?
True
Is 2244 a factor of 285815233?
False
Does 296 divide 10476594?
False
Is 61135360 a multiple of 880?
True
Does 16 divide 751725632?
True
Is 369367976 a multiple of 8?
True
Is 707122003 a multiple of 2149?
True
Does 16 divide 18758800?
True
Does 4 divide 149604334?
False
Does 58 divide 20027168?
True
Does 58 divide 126999120?
True
Does 82 divide 3579338759?
False
Is 104 a factor of 33513688?
True
Does 129 divide 16818246?
True
Is 62 a factor of 838340334?
False
Is 187 a factor of 86629433?
True
Is 277342351 a multiple of 13?
True
Is 50 a factor of 234850400?
True
Is 6426460 a multiple of 2456?
False
Is 3 a factor of 60523591?
False
Is 11149178 a multiple of 7?
False
Is 58 a factor of 4039139775?
False
Is 153 a factor of 46826262?
True
Is 39075784 a multiple of 44?
True
Does 126 divide 1541466?
False
Is 2207796 a multiple of 502?
True
Is 13 a factor of 15432204?
False
Is 2963 a factor of 226186531?
True
Is 10 a factor of 16239876?
False
Is 325 a factor of 27346026?
False
Is 835 a factor of 43933525?
True
Is 579116860 a multiple of 703?
False
Is 517 a factor of 860586309?
True
Is 14 a factor of 226294520?
False
Is 2597 a factor of 1055288353?
True
Is 449987085 a multiple of 3326?
False
Does 37 divide 18349539?
False
Does 1338 divide 52145350?
False
Does 72 divide 4879296?
True
Is 61 a factor of 3906719029?
False
Is 5 a factor of 39593764?
False
Is 13 a factor of 24939265?
True
Is 31 a factor of 469953531?
False
Does 17 divide 5797682716?
False
Is 944 a factor of 329313818?
False
Is 176918323 a multiple of 125?
False
Does 3384 divide 774699120?
True
Does 323 divide 14500487?
False
Is 30 a factor of 47093640?
True
Is 5 a factor of 6570427?
False
Is 665428170 a multiple of 165?
True
Does 252 divide 226806300?
True
Is 72335425 a multiple of 1964?
False
Is 236013078 a multiple of 3446?
False
Does 4231 divide 38195226?
False
Is 188 a factor of 40214803?
False
Is 336 a factor of 832919136?
True
Is 36 a factor of 24240960?
True
Is 70 a factor of 787138800?
True
Is 2294 a factor of 4339241?
False
Is 839 a factor of 31435652?
True
Does 49 divide 3495174?
False
Is 678918385 a multiple of 205?
True
Is 363551100 a multiple of 50?
True
Is 5 a factor of 397897167?
False
Does 9749 divide 1958252383?
True
Does 663 divide 77272950?
False
Is 135387738 a multiple of 18?
True
Does 1084 divide 213402842?
False
Does 455 divide 45986395?
True
Is 1212613028 a multiple of 869?
True
Is 39367434 a multiple of 2369?
False
Is 5652 a factor of 195248340?
True
Does 11 divide 3491466?
True
Is 80 a factor of 3650350?
False
Does 1974 divide 231787080?
True
Is 67 a factor of 491220465?
False
Does 916 divide 155324288?
True
Is 18634011 a multiple of 534?
False
Is 449942166 a multiple of 2502?
True
Is 149 a factor of 20815449?
True
Is 30057935 a multiple of 223?
False
Is 34 a factor of 298869669?
False
Is 32253401 a multiple of 29?
False
Is 22 a factor of 1629191740?
True
Is 2384199 a multiple of 153?
True
Is 102125225 a multiple of 733?
True
Is 12640710 a multiple of 15?
True
Is 30556874 a multiple of 6?
False
Does 4 divide 2924423?
False
Is 1963803 a multiple of 7?
False
Is 1235843994 a multiple of 77?
True
Does 954 divide 438567156?
True
Is 38 a factor of 2669938292?
True
Does 76 divide 8865172?
True
Does 122 divide 280260840?
True
Is 16172301 a multiple of 151?
False
Does 30 divide 238600290?
True
Is 7958732880 a multiple of 60?
True
Is 17 a factor of 29539353?
True
Does 1076 divide 11899071?
False
Does 24 divide 25163088?
True
Is 2158972680 a multiple of 120?
True
Does 13 divide 255907457?
True
Is 892872000 a multiple of 60?
True
Is 1073009494 a multiple of 914?
True
Is 113620479 a multiple of 7?
True
Does 60 divide 62962905?
False
Is 10736 a factor of 146600080?
True
Is 293 a factor of 304852223?
False
Does 15 divide 21986744?
False
Does 7 divide 90363273?
True
Is 10 a factor of 17114241?
False
Is 296184835 a multiple of 2110?
False
Is 1952389782 a multiple of 21?
True
Is 167 a factor of 8359015512?
False
Is 559929 a multiple of 17?
True
Does 712 divide 77822654?
False
Is 10 a factor of 465219273?
False
Does 553 divide 1269020363?
False
Is 513377306 a multiple of 1469?
True
Is 106 a factor of 861421134?
False
Is 66 a factor of 3352019249?
False
Is 2362899 a multiple of 7?
True
Is 1712 a factor of 55163587?
False
Is 4 a factor of 1267196248?
True
Does 52 divide 8422284?
True
Does 26 divide 2344218228?
False
Does 12 divide 2376856?
False
Is 324931770 a multiple of 310?
True
Does 157 divide 42365979?
True
Is 13 a factor of 653882489?
True
Is 206846367 a multiple of 13?
True
Is 64426168 a multiple of 15?
False
Is 8 a factor of 3334967?
False
Is 44 a factor of 109433430?
False
Is 2297491544 a multiple of 364?
False
Does 27 divide 66455829?
True
Is 3 a factor of 248371859?
False
Is 584171550 a multiple of 50?
True
Is 1222110930 a multiple of 71?
True
Is 41 a factor of 1726754991?
False
Is 203 a factor of 19184932?
False
Does 723 divide 514534683?
False
Is 2815803 a multiple of 9?
True
Is 28857365 a multiple of 34?
False
Is 14798952 a multiple of 21?
True
Does 3301 divide 916017597?
True
Does 67 divide 21292347?
False
Does 4 divide 7064932?
True
Is 18 a factor of 29240856?
True
Is 1854874 a multiple of 196?
False
Does 64 divide 194045312?
True
Is 113 a factor of 97850797?
False
Is 418584675 a multiple of 307?
False
Does 224 divide 8886976?
True
Is 379 a factor of 2206495552?
True
Is 188826611 a multiple of 73?
False
Is 5 a factor of 52707400?
True
Is 111 a factor of 2031062238?
True
Is 29234240 a multiple of 842?
True
Is 41 a factor of 1073441172?
True
Does 11 divide 13580030?
False
Does 20 divide 377498620?
True
Does 1609 divide 274087060?
False
Is 366851 a multiple of 21?
False
Do